c. Determine d(j).
6
Let a(c) = -c**2 - c + 4. Suppose -2*g = 0, u + 3 = -2*g - 0*g. Let h be a(u). Let o(q) = -13*q - 2 + 7*q + 2*q. What is o(h)?
6
Let o(c) = -c**3 - 6*c**2 + c + 4. Let s be o(-6). Let m(v) = v**3 - 3*v**2 - 4*v - 3. Let g(r) = r**2 + r + 1. Let d(y) = 6*g(y) + m(y). Determine d(s).
3
Let r(d) = d**2 - 6*d + 3. Suppose q = -5*m + 18 + 4, q + 2*m - 10 = 0. Give r(q).
-5
Let f = -25 - -25. Suppose -4*s = 5*g + 11, 4*s = 5*g - f*s - 21. Let w(x) = -x**2 + 2*x - 1. Give w(g).
0
Suppose w + 2*m + 3*m - 27 = 0, 0 = -4*w + 4*m - 12. Let g(z) be the third derivative of -z**4/6 - z**3/6 - 2*z**2. Give g(w).
-9
Let n(w) = 1 + 2 + 7*w - w - 2*w. What is n(-3)?
-9
Let i(b) = -b - 3. Let t(v) = 2. Let c(q) = -2*i(q) - 6*t(q). Calculate c(0).
-6
Suppose 28 = 4*r + 5*y, -r + 8 = r + y. Let v be (4/(-3))/(8/(-12)). Let b(s) = s**2 + 2*s**v - 5*s**r - 1. What is b(-1)?
-3
Suppose -5*k - 14 - 1 = 5*q, 0 = -5*k - 4*q - 10. Suppose 0 = -0*j + j. Let o(v) = 2 + j - 3*v + 0. What is o(k)?
-4
Suppose -10 = -2*u, 0*u + 2 = -4*y - 2*u. Let p = y + 2. Let k(x) = -5*x - 1. What is k(p)?
4
Let p = -11 - -13. Let y(h) = -4*h**2 + h. What is y(p)?
-14
Let b(r) = r - 4. Let z be 30*(-1 - 1)/(-2). Suppose -4*o + z = -9*o. Let q(y) = -4*y + 16. Let s(i) = o*q(i) - 26*b(i). Give s(6).
-4
Let l(j) be the first derivative of j**2 + 4*j + 9. Calculate l(-3).
-2
Let x(o) = -7*o**2 - 594*o - 2*o**3 + 594*o + o**3. Calculate x(-7).
0
Let a be 7/(-1) + (-2 - (-8 - -5)). Let n(h) = -h - 7. Calculate n(a).
-1
Let f = -1 + 2. Let w(s) be the third derivative of s**5/10 - s**3/6 - 8*s**2. Determine w(f).
5
Let w(o) = -5*o**3 + 26*o**2 + 14*o - 11. Let u(k) = -2*k**3 + 9*k**2 + 5*k - 4. Let f(c) = 8*u(c) - 3*w(c). Give f(-5).
-14
Let c(q) = -42*q - 1 + 14*q + 30*q. Let a(l) = -5*l + 7. Let k(n) = -11*n + 14. Let s(h) = 9*a(h) - 4*k(h). Let m be s(6). Calculate c(m).
1
Let n(o) be the third derivative of 1/15*o**5 - o**2 + 1/8*o**4 + 0 - o**3 - 1/120*o**6 + 0*o. Let x = 7 - 3. Give n(x).
6
Let c(l) = -3*l**2 + 12*l. Let a(j) = j**2 - 4*j. Let k(s) = 7*a(s) + 2*c(s). Suppose 0*x + 3*x = 30. Let f be 4/(-2)*x/(-4). Give k(f).
5
Let u = 13 + -9. Suppose -3*o - 50 = -8*o - 4*i, 2*i - 10 = 0. Let m(h) = o*h - 7*h - 6*h + 6 - 2*h**2 + 3*h**2. Calculate m(u).
-6
Let o(i) = 1 + 0*i + 0*i - 2 - i. What is o(3)?
-4
Let t be (-6)/(-39) - 93/13. Let a(j) = -j**2 - 8*j - 5. Give a(t).
2
Let m(r) = r**2 + 3*r - 2. Suppose 2 = 2*n - 2. Give m(n).
8
Let y(l) be the second derivative of -l**3/3 + 7*l**2/2 + l. Give y(6).
-5
Let m(u) = u + 5. Suppose 0*r = -3*r - 15. Let o(b) = -3*b - 9. Let w(s) = r*m(s) - 2*o(s). Suppose q = 4*q. Calculate w(q).
-7
Let l(t) be the first derivative of -t**3 - t - 3/2*t**2 - 3. What is l(-2)?
-7
Let v(u) = -u**3 + 2*u**2 + 2*u - 1. Let o be ((-18)/(-3))/((-9)/(-6)). Suppose -o = -n - n. Determine v(n).
3
Suppose 12 = -k + 4*k. Let d = 0 + k. Let s(v) = -3*v - 5 + 3 + 5*v - d*v. Give s(-3).
4
Let g(z) = -5*z**3 + 10*z**2 - 7*z + 2. Let x(u) = 4*u**3 + 0 + 7*u - 4*u**2 - 4*u**2 - u**2 - 2. Let t(r) = -3*g(r) - 4*x(r). Give t(5).
-8
Suppose 0 = 2*a + 3*a - 10. Let c = a - 2. Let h(y) = -y + 4. Give h(c).
4
Let i(h) = -h - 2. Let z be i(-6). Let d be (z - (-1 + 3)) + 1. Let n(g) = 3*g - 3. Give n(d).
6
Let z(i) = i**3 - 3*i**2 - 7*i + 5. Let h be z(4). Let s(b) = -b**3 - 7*b**2. Calculate s(h).
0
Let x(j) = -j + 5. Suppose 8*y = 2*l + 3*y, -5*l + 4*y = -34. Suppose -4*m + l*m = 30. Determine x(m).
0
Let k(r) be the third derivative of r**4/24 + r**3/3 + 17*r**2. Determine k(-5).
-3
Let v(f) = -6*f**3 + 2*f - 1. Let o be v(1). Let j(k) = 4*k - 4. Let c(l) = -l. Let h(n) = -6*c(n) - j(n). Give h(o).
-6
Suppose 4*i = -0*i. Suppose -3*s - n - 8 = 0, i*s - 8 = -2*s - 4*n. Let q(v) = v**3 + 5*v**2 + 5*v - 4. Give q(s).
-8
Let q(l) = l + 1. Let t(a) = -a**3 - 6*a**2 - a - 2. Let k be t(-6). What is q(k)?
5
Let s(t) = 3 + t**2 - 3*t**2 + t**2 + 4*t. What is s(5)?
-2
Let r(f) = -6*f - 9. Let x be 2 - (-2 - -6) - 2. Let o(t) = 5*t + 8. Let l(y) = x*r(y) - 5*o(y). Determine l(0).
-4
Let l(x) = -x**2 + 3*x + 3. Let m(a) be the second derivative of -a**4/6 + 5*a**3/6 + 3*a**2 - 5*a. Let t(i) = 5*l(i) - 3*m(i). What is t(-3)?
6
Let t(f) = f**2 - 40*f. Let b(s) be the first derivative of -5*s**2/2 + 2. Let u(l) = 40*b(l) - 5*t(l). Give u(-1).
-5
Let s(a) = 2*a. Let o = -3 - -4. Suppose -k - 3*k + 4 = 0. Let i = o + k. Calculate s(i).
4
Let l(j) be the third derivative of 0 + 2*j**2 - 1/24*j**4 + 0*j + 4/3*j**3. What is l(0)?
8
Let r be 1 - (6 + 0 + -1). Let c(a) = -2*a + 10 - 5 - 9. What is c(r)?
4
Let h(l) = -l + 2*l**2 + l**3 - 6*l**2 + 7 + 3*l**2. Let y(a) = a**3 + 4*a**2 - 4*a + 5. Let g be y(-5). Calculate h(g).
7
Let f(r) = r**2 + r. Suppose c = 5*k - 39, -4*k + 0*k + 3*c + 29 = 0. Suppose h = 3*h + 4. Let i be h/k + 11/(-4). Give f(i).
6
Let s(d) = 2*d**2 + d - 2. Suppose 5*t = -5*o + 50, -4*o = -5*t - 0*t - 22. Suppose 4*c - c = b + o, -4*c + 2 = 3*b. Calculate s(b).
4
Let b be 1*(-4 + 2 - -6). Let t(g) be the second derivative of -1/6*g**4 + 0 - 3*g + g**3 + 0*g**2. Give t(b).
-8
Let z(j) be the first derivative of 0*j**2 - 1/24*j**5 - 2 - 1/4*j**4 - 1/360*j**6 + 2/3*j**3 + 0*j. Let x(r) be the third derivative of z(r). Give x(-5).
-6
Let y(h) = h - 1. Let u(k) = k + 12. Let r be u(-6). Give y(r).
5
Let a(p) = p**2 - 8*p + 6. Let w(d) = -d**3 + 5*d**2 + 2*d - 5. Let f(s) = 8*s + 1. Let b be f(3). Suppose -3*j = -8*j + b. Let h be w(j). Give a(h).
-9
Let o(c) be the third derivative of -c**4/24 + 2*c**3/3 - 12*c**2. Let w be (21/9)/(1/3). What is o(w)?
-3
Let d(p) = -3*p**2 + 10*p - 32. Let z(b) = -b**2 + 3*b - 11. Let g(f) = 3*d(f) - 8*z(f). Calculate g(6).
-8
Let h(w) = 4 - 2 - 3*w + 4*w. Give h(-3).
-1
Let r(z) = z**2 + 1. Let b be ((-3)/(-4))/(1/(-4)). Give r(b).
10
Let n(u) = -1 + 0 - 2 + u. Let h be n(6). Let a(w) = -w**3 + w**2 + 3*w + 3. Give a(h).
-6
Let h(k) be the third derivative of -k**7/840 - k**6/72 + k**5/20 - 5*k**4/24 - 2*k**3/3 + 5*k**2. Let z(v) be the first derivative of h(v). Determine z(-6).
-5
Let o(g) = 2*g - 8. Suppose 0 = -3*f + 3*z + 3, 32 = 2*f + 4*z. Give o(f).
4
Let u(w) = -13*w**3 + 2. Let l(v) = -12*v**3 + 3. Let t(y) = -2*l(y) + 3*u(y). Suppose -4*r - d + 1 = 0, 18*r - 17*r - 3*d + 16 = 0. Calculate t(r).
15
Let u(t) = 7*t - 2 - 14*t + 0 + 6*t. Determine u(-5).
3
Let g(j) = j + 5. Let t(s) = s**3 - 6*s**2 - 6*s - 7. Let v = 3 + 4. Let p be t(v). What is g(p)?
5
Let u(c) be the third derivative of -c**2 + 1/4*c**4 + 0*c**3 + 0 + 0*c. Determine u(-1).
-6
Suppose -68*p + 72*p = 0. Let y(k) be the second derivative of -2*k - 1/6*k**4 - 1/20*k**5 + p + 1/2*k**3 - 2*k**2. What is y(-3)?
-4
Let n(x) = x + 4. Let p be n(-4). Let h(i) = -18*i - 24*i + 41*i - 5. What is h(p)?
-5
Let a(n) = 5*n**2 - 5*n - 5 + 6 - n**3 - 2 + 2. Calculate a(4).
-3
Suppose -12*s = -1 + 37. Let m(v) = v**3 + 2*v**2 + 4. What is m(s)?
-5
Let l(p) = -5*p. Suppose 5*r - 4*u + 5*u = 7, -3 = u. Determine l(r).
-10
Let k(m) = 34*m + 5 + 6*m**2 - 9*m**3 - 33*m + 8*m**3. Determine k(6).
11
Let a(u) = u**3 - 4*u**2 - 4*u + 2. Let j = 75 + -70. Determine a(j).
7
Let q be 3/6 + (-9)/(-2). Let d(m) = m + 4*m**2 - 5*m**2 + q*m + 4. Calculate d(6).
4
Let p(m) be the first derivative of m**4/4 + 5*m**3/3 + m**2 + 6*m - 1. Let q be 5/(-4) + (-585)/156. Determine p(q).
-4
Let m(q) = q + 7. Let s be m(-5). Let h(w) be the second derivative of 0 - 1/6*w**3 + 0*w**2 + 1/4*w**4 - 1/20*w**5 + w. Determine h(s).
2
Let t(m) = m**3 + 3*m + 1. Let s(g) = -3*g**3 - 9*g - 2. Let v(p) = 4*s(p) + 11*t(p). Give v(2).
-11
Let d(h) = -h**2 + 7*h - 11. Let t(o) = o - 1. Let i(k) = -d(k) + 6*t(k). Give i(4).
17
Suppose o + 1 = 5. Suppose 4*l = 3*l - o. Let y(f) = -2*f. Determine y(l).
8
Let y(t) be the first derivative of 2 + t - 7/2*t**2 + 1/3*t**3. Let w(r) = r**2 + 4*r + 3. Let c be w(-4). Determine y(c).
-11
Let l(k) = 8*k + 3. Let v = -17 - -15. Give l(v).
-13
Let r(d) = -3*d + 8. Let b(g) = -7*g + 17. Let h(o) = -4*b(o) + 9*r(o). Let w be 9/(-24) - (-183)/(-24). Calculate h(w).
-4
Let i(p) = -p**3 - 2*p**2 + 5*p - 3. Let f be i(-4). Let n = 5 - f. Let a(y) = -y**2 - 5*y - 2. What is a(n)?
2
Let k(r) = 5*r**2 - 7. Let q(y) = 2*y**2 + y - y**2 + 3*y**2 - 6. Let i(d) = 5*k(d) - 6*q(d). Let